). Suppose 4*c - 3*n = -n + 270, 3*c = 5*n + 206. Let s = c - k. Calculate the highest common divisor of 3 and s.
3
Let d = 3 + -2. Let j be 10 + 0 - (-1 - -1). Let b = j + d. What is the greatest common divisor of b and 22?
11
Suppose 0*w + 28 = 4*w + 5*u, -14 = -w - 3*u. Let l(s) = -s**2 + 4*s + 4. Suppose -14 = -2*q - 6. Let z be l(q). What is the highest common divisor of z and w?
2
Let n be (-90)/(-4)*5*-2. Let v be n/(-15)*18/5. Calculate the highest common factor of v and 18.
18
Let h(i) = -36*i + 1 + 85*i - 4. Let s be h(5). Let q = 2 + 20. Calculate the greatest common factor of s and q.
22
Let k(x) = -x**2 - 4*x + 4. Let l be k(-4). Let z = -489 - -493. What is the greatest common factor of l and z?
4
Suppose 4*b - 30 = b. Suppose 4*f = 3*f + b. What is the greatest common divisor of f and 2?
2
Let q(a) = a**3 - 4*a**2 + 5*a - 5. Suppose 3*k = -4 + 16. Let t be q(k). Calculate the greatest common factor of 45 and t.
15
Suppose -s = t - 34 - 4, -t = 3*s - 34. Let d = -114 + 122. Calculate the greatest common divisor of t and d.
8
Let a = -54 + 102. What is the greatest common divisor of 24 and a?
24
Let n be (36/(-8) + 3)*-6. Let o be (48 - 2) + (-4)/2. Let b = 80 - o. Calculate the greatest common factor of b and n.
9
Suppose -33*s = -28*s - 30. Suppose -i = 3*i - 72. Suppose i = -0*m + 3*m. Calculate the highest common divisor of m and s.
6
Let k(v) = v**3 + 5*v**2 + 3*v - 3. Let c be k(-3). Suppose 2*s + s = c. Suppose s*r + 0*r = 30. What is the highest common divisor of 135 and r?
15
Suppose -5*r - c = -9, -4*r + 0*r - 2*c + 6 = 0. What is the highest common divisor of 22 and r?
2
Let d be ((-30)/(-25))/(3/260). Calculate the highest common divisor of d and 13.
13
Let m(b) = b**2 + 8*b - 12. Let n be m(-14). Let a = 11 - 3. Calculate the greatest common factor of n and a.
8
Suppose 2*w = w + 84. Let b = 205 - w. What is the greatest common divisor of 11 and b?
11
Suppose -4*q + 5*t + 166 = -94, 0 = q - 2*t - 68. Calculate the greatest common divisor of q and 20.
20
Suppose -j - 8 = -1. Let h(w) = w**2 + 6*w - 4. Let c be h(j). Calculate the highest common factor of 33 and c.
3
Let t be (-15)/(-4)*-2*(-4)/3. Calculate the highest common divisor of 30 and t.
10
Let m(h) be the first derivative of -h**4/4 - 7*h**3/3 - 3*h**2 + 8*h - 13. Let s = -5 - 3. Let o be m(s). What is the highest common divisor of o and 48?
24
Suppose -2*p - 2*p = -56. Calculate the highest common divisor of 14 and p.
14
Let i = -33 + 65. Calculate the greatest common divisor of i and 48.
16
Let y be 9/2 + (-7)/14. Calculate the highest common divisor of 4 and y.
4
Let j(r) be the third derivative of r**4/8 + r**3/2 - 2*r**2. Let n be j(6). Let v = -221 + 410. Calculate the greatest common divisor of v and n.
21
Suppose 4*d - 545 + 293 = 0. Calculate the highest common divisor of 9 and d.
9
Let u(p) = p**2 - 4*p - 9. Let g be u(-3). What is the highest common factor of g and 72?
12
Suppose 0 = -5*b + 99 - 29. What is the greatest common factor of 14 and b?
14
Suppose 244 + 1068 = 4*j. Calculate the highest common divisor of 41 and j.
41
Suppose -9 + 25 = 4*r, 4*h = -3*r + 136. What is the highest common factor of 1 and h?
1
Let u(x) = -3*x**2 - 42*x + 20. Let y be u(-14). Calculate the greatest common factor of 220 and y.
20
Let t be 3/(3*2/(-20)). Let d be ((-342)/(-15))/(3/t). Let i be d/(-16) - 2/(-8). What is the greatest common factor of 10 and i?
5
Suppose 2*n - 30 = n + 4*j, -j = 5*n - 108. Suppose -398 - 152 = -5*m. Calculate the greatest common factor of n and m.
22
Let r be (18/(-2))/((-12)/(-8)). Let i = r - -15. Calculate the greatest common divisor of 9 and i.
9
Suppose -167 - 1 = -3*p. What is the highest common divisor of 70 and p?
14
Let u(n) = n + 63. Let g be u(0). Suppose -g = -2*r - 3*b, -2*r + 2*b + 0*b = -38. Calculate the highest common divisor of r and 12.
12
Suppose -5*v = -6*v. Suppose -o + 2*o + 3 = v. Let l(b) = -b + 3. Let h be l(o). Calculate the highest common divisor of 30 and h.
6
Let i = -31 + 36. Suppose c + 120 = i*c. Suppose -x - 150 = -3*x. Calculate the greatest common factor of c and x.
15
Let x be (-314)/(-13) + (-20)/130. Let r = -5 + 13. Calculate the greatest common factor of r and x.
8
Let d be (2 + 6)/(-4) + 7. What is the greatest common divisor of 10 and d?
5
Suppose 0*v + 2*v - 38 = -4*g, v = 2*g - 21. What is the highest common divisor of g and 70?
10
Let w be (-18)/(-6) - (-27)/3. What is the highest common factor of w and 132?
12
Let n = 1 + -1. Let f be -1 + 5 - n/(-1). Calculate the greatest common factor of f and 2.
2
Let t(q) = -21*q + 140. Let d be t(6). Let i = -119 + 189. What is the highest common divisor of d and i?
14
Suppose g + g - 20 = 0. Suppose -3 = -4*y + 9. Suppose -f - o - y = -3*f, 0 = f - 4*o + 2. Calculate the highest common factor of f and g.
2
Let c be (-1)/(-2) - (-7)/2. Suppose -c*q = -2*j - 0*j + 130, 125 = 2*j + q. What is the highest common divisor of j and 7?
7
Let u(x) = 2*x + 12. Let g be u(5). Suppose -5*l + 248 = -g. What is the highest common factor of 81 and l?
27
Let s(v) = 3*v. Let b be s(2). Calculate the greatest common divisor of 3 and b.
3
Let k(t) = t**3 - 11*t**2 + 3*t - 6. Let v be k(11). What is the greatest common factor of v and 3?
3
Suppose -6*c + c = -15, -q + c = -78. Calculate the greatest common divisor of 9 and q.
9
Let o(m) = m + 4*m + 8 + m - 4*m. Let r be o(0). What is the greatest common divisor of 64 and r?
8
Let d = -11 - -21. Calculate the greatest common factor of d and 50.
10
Let f = 60 + -41. Let t be 1 - ((-96)/1 - -2). Calculate the highest common divisor of f and t.
19
Suppose -c - 2*c - 5*v - 115 = 0, 0 = 2*c - 4*v + 62. Let i = 53 + c. Calculate the highest common divisor of 27 and i.
9
Let q be 40/22 - 10/(-55). Suppose 3*r + q*a - 187 = 0, -2*r = -3*r - 2*a + 57. What is the highest common factor of r and 13?
13
Let g be (-422)/(-38) - 10/95. Calculate the greatest common factor of 11 and g.
11
Suppose 4*n - 59 = -4*d - 7, 0 = -5*d - 2*n + 62. Calculate the highest common factor of d and 6.
6
Let x be ((-4)/(-3))/((-4)/(-186)) - -3. Let p(l) = -l**3 + 10*l**2 - 7*l + 2. Let a be p(7). Let k = a - x. Calculate the highest common factor of k and 5.
5
Let o(u) = 3 - 2 + 0 - u**2. Let y(q) = 38*q**2 - 2*q - 7. Let a(d) = 6*o(d) + y(d). Let p be a(-1). Calculate the greatest common factor of 11 and p.
11
Suppose -181 = -7*c + 2619. What is the highest common divisor of 50 and c?
50
Suppose -5*o - 5*z + 374 = -541, 4*z + 708 = 4*o. Suppose -v = 3*v - o. Calculate the highest common divisor of v and 9.
9
Suppose -2*p + 4*h + h = -186, h = -2. Let z be (-164)/14 - 4/14. Let x = z - -20. Calculate the highest common divisor of x and p.
8
Suppose -5*s - 2*h = -70, -3 = 3*s + 2*h - 45. Suppose -s = u + 5*b + 4, -2*b = 2*u + 4. What is the greatest common factor of u and 2?
2
Suppose 0 = 10*u - 15*u + 35. What is the highest common factor of 49 and u?
7
Let u be (8 - 26)/((-6)/80). What is the highest common divisor of u and 96?
48
Let i be (-876)/(-22) + 20/110. Calculate the highest common divisor of 20 and i.
20
Suppose -3 = 3*j, 3*z - 2*z + 2*j - 28 = 0. Calculate the greatest common divisor of z and 20.
10
Let w(o) = o**3 - 5*o**2 + 7*o. Let a be w(5). Let j = a + -20. Calculate the greatest common factor of j and 105.
15
Suppose -3*m - 14 = -2*p, 0 = -4*p + 3*p - 2*m. Suppose -2*x = l + 2*x + 13, -p*l = -x - 16. What is the greatest common factor of 21 and l?
3
Let k be (-219)/(-15) + 12/5 + -3. Calculate the highest common divisor of 238 and k.
14
Let k be 5/(-15) - (-75)/9. Calculate the greatest common factor of k and 56.
8
Suppose -7*f + 100 = -2*f. Suppose 5*d + q = 21, -2*d + 4 + 10 = -q. Suppose -12 = -d*o + 8. What is the greatest common divisor of f and o?
4
Let z be 60/(-20) + (0 - -19) + 0. Calculate the greatest common factor of z and 176.
16
Let p be 1/(-3) + (-542)/(-6). Suppose 51 - 6 = 2*x + 3*f, 5*x + 5*f - 105 = 0. Calculate the greatest common factor of p and x.
18
Suppose -3*y - 3*g = 18, -3*y + 4*g = y. Let a be 1 + 3 - y/1. Let b be 103/a + (-2)/(-7). Calculate the highest common divisor of 15 and b.
15
Let v(j) = 4*j**2 + 2*j - 3. Let w be v(1). What is the greatest common factor of w and 27?
3
Suppose -5*s = -8 - 127